{"id":2521,"date":"2022-06-07T11:10:51","date_gmt":"2022-06-07T14:10:51","guid":{"rendered":"https:\/\/diretorias.ifbaiano.edu.br\/portal\/ead\/?page_id=2521"},"modified":"2026-02-03T18:15:10","modified_gmt":"2026-02-03T21:15:10","slug":"equipe","status":"publish","type":"page","link":"https:\/\/diretorias.ifbaiano.edu.br\/portal\/ead\/equipe\/","title":{"rendered":"Equipe"},"content":{"rendered":"\n<p><br><strong>  <\/strong><\/p><div id=\"TituloMenu\" class=\"dnone\"><strong> DIRETORIA DE GRADUA\u00c7\u00c3O E EDUCA\u00c7\u00c3O A DIST\u00c2NCIA <\/strong><\/div><strong> <\/strong><p><\/p>\n\n\n\n<div class=\"wp-block-columns\">\n<div class=\"wp-block-column\" style=\"flex-basis:33.33%\">\n<div class=\"wp-block-image\"><figure class=\"aligncenter size-full\"><a href=\"https:\/\/diretorias.ifbaiano.edu.br\/portal\/ead\/files\/2025\/07\/ada.png\"><img loading=\"lazy\" width=\"177\" height=\"177\" src=\"https:\/\/diretorias.ifbaiano.edu.br\/portal\/ead\/files\/2025\/07\/ada.png\" alt=\"\" class=\"wp-image-2808\" \/><\/a><\/figure><\/div>\n<\/div>\n\n\n\n<div class=\"wp-block-column is-vertically-aligned-center\" style=\"flex-basis:66.66%\">\n<p><strong>Adailde do Carmo Santos<\/strong><br>Diretora de Gradua\u00e7\u00e3o e Educa\u00e7\u00e3o a Dist\u00e2ncia<br>e-mail:&nbsp;<a href=\"mailto:dgraed@reitoria.ifbaiano.edu.br\">dgraed@reitoria.ifbaiano.edu.br<\/a> <\/p>\n\n\n\n<div class=\"wp-block-buttons\">\n<div class=\"wp-block-button has-custom-font-size has-small-font-size\"><a class=\"wp-block-button__link has-white-color has-light-green-cyan-background-color has-text-color has-background\" href=\"https:\/\/eagendas.cgu.gov.br\/?_token=FSGZ1nWIGKCV64iock3qcHdROjRhVim8HgUx4piS&amp;filtro_orgaos_ativos=on&amp;filtro_orgao=1263&amp;filtro_cargos_ativos=on&amp;filtro_cargo=DIRETORA+DE+GRADUA%C3%87%C3%83O&amp;filtro_apos_ativos=on&amp;filtro_servidor=38565&amp;cargo_confianca_id=&amp;is_cargo_vago=false#divcalendar\" target=\"_blank\" rel=\"noreferrer noopener\"><strong>AGENDA*<\/strong><\/a><\/div>\n<\/div>\n<\/div>\n<\/div>\n\n\n\n<p><a rel=\"noreferrer noopener\" href=\"https:\/\/eagendas.cgu.gov.br\/?_token=IKvJngR22ryZ3vD8Mo5XktNbLDTTItyMHgerbD2R&amp;filtro_orgaos_ativos=on&amp;filtro_orgao=1263&amp;filtro_cargos_ativos=on&amp;filtro_cargo=DIRETORA+DE+GRADUA%C3%87%C3%83O&amp;filtro_apos_ativos=on&amp;filtro_servidor=38565&amp;cargo_confianca_id=&amp;is_cargo_vago=false#divcalendar\" data-type=\"URL\" data-id=\"https:\/\/eagendas.cgu.gov.br\/?_token=IKvJngR22ryZ3vD8Mo5XktNbLDTTItyMHgerbD2R&amp;filtro_orgaos_ativos=on&amp;filtro_orgao=1263&amp;filtro_cargos_ativos=on&amp;filtro_cargo=DIRETORA+DE+GRADUA%C3%87%C3%83O&amp;filtro_apos_ativos=on&amp;filtro_servidor=38565&amp;cargo_confianca_id=&amp;is_cargo_vago=false#divcalendar\" target=\"_blank\">Clique aqui para acessar a agenda da Diretora<\/a><\/p>\n\n\n\n<div class=\"wp-block-columns\">\n<div class=\"wp-block-column\" style=\"flex-basis:33.33%\">\n<div class=\"wp-block-image size-full\"><figure class=\"aligncenter\"><img src=\"https:\/\/ifbaiano.edu.br\/portal\/ensino\/wp-content\/uploads\/sites\/2\/2024\/11\/foto.branca-7.png\" alt=\"\" class=\"wp-image-2322\" \/><\/figure><\/div>\n<\/div>\n\n\n\n<div class=\"wp-block-column is-vertically-aligned-center\" style=\"flex-basis:66.66%\">\n<p><strong>Igor Fonseca Muniz<\/strong><br>Assessoria da DGRAED<br>e-mail:&nbsp;<a href=\"mailto:dgraed@reitoria.ifbaiano.edu.br\">dgraed@reitoria.ifbaiano.edu.br<\/a> <\/p>\n<\/div>\n<\/div>\n\n\n\n<div class=\"wp-block-columns\">\n<div class=\"wp-block-column\" style=\"flex-basis:33.33%\">\n<div class=\"wp-block-image size-full\"><figure class=\"aligncenter\"><img src=\"https:\/\/ifbaiano.edu.br\/portal\/ensino\/wp-content\/uploads\/sites\/2\/2024\/11\/foto.branca-7.png\" alt=\"\" class=\"wp-image-2322\" \/><\/figure><\/div>\n<\/div>\n\n\n\n<div class=\"wp-block-column is-vertically-aligned-center\" style=\"flex-basis:66.66%\">\n<p><strong>Simone Calmon Silva Paranhos<\/strong><br>Auxiliar Administrativo<br>e-mail:&nbsp;<a href=\"mailto:dgraed@reitoria.ifbaiano.edu.br\">dgraed@reitoria.ifbaiano.edu.br<\/a><\/p>\n<\/div>\n<\/div>\n\n\n\n<p style=\"font-size:17px\"><strong>Coordena\u00e7\u00e3o Geral de Educa\u00e7\u00e3o a Dist\u00e2ncia<\/strong><\/p>\n\n\n\n<div class=\"wp-block-columns\">\n<div class=\"wp-block-column\" style=\"flex-basis:33.33%\">\n<div class=\"wp-block-image size-full\"><figure class=\"aligncenter\"><img src=\"https:\/\/ifbaiano.edu.br\/portal\/ensino\/wp-content\/uploads\/sites\/2\/2024\/11\/tatiana-2.png\" alt=\"\" class=\"wp-image-2541\" \/><\/figure><\/div>\n<\/div>\n\n\n\n<div class=\"wp-block-column is-vertically-aligned-center\" style=\"flex-basis:66.66%\">\n<p><strong>Tatiana Ara\u00fajo Reis<\/strong><br>Coordenadora Geral da Educa\u00e7\u00e3o a Dist\u00e2ncia<br>e-mail: <a href=\"mailto:cgead@reitoria.ifbaiano.edu.br\">cgead@reitoria.ifbaiano.edu.b<\/a>r<\/p>\n<\/div>\n<\/div>\n\n\n\n<p style=\"font-size:17px\"><strong>Assessoria Pedag\u00f3gica EaD<\/strong><\/p>\n\n\n\n<div class=\"wp-block-columns\">\n<div class=\"wp-block-column\" style=\"flex-basis:33.33%\">\n<div class=\"wp-block-image size-full\"><figure class=\"aligncenter\"><img src=\"https:\/\/ifbaiano.edu.br\/portal\/ensino\/wp-content\/uploads\/sites\/2\/2024\/11\/marta-2.png\" alt=\"\" class=\"wp-image-2405\" \/><\/figure><\/div>\n<\/div>\n\n\n\n<div class=\"wp-block-column is-vertically-aligned-center\" style=\"flex-basis:66.66%\">\n<p><strong>Marta Souza Mac\u00eado<\/strong><br>T\u00e9cnica em Assuntos Educacionais<br>e-mail:&nbsp;<a href=\"mailto:dgraed@reitoria.ifbaiano.edu.br\">dgraed@reitoria.ifbaiano.edu.br<\/a> <\/p>\n<\/div>\n<\/div>\n\n\n\n<div class=\"wp-block-columns\">\n<div class=\"wp-block-column\" style=\"flex-basis:33.33%\">\n<div class=\"wp-block-image size-full\"><figure class=\"aligncenter\"><img src=\"https:\/\/ifbaiano.edu.br\/portal\/ensino\/wp-content\/uploads\/sites\/2\/2024\/11\/louise.png\" alt=\"\" class=\"wp-image-2234\" \/><\/figure><\/div>\n<\/div>\n\n\n\n<div class=\"wp-block-column is-vertically-aligned-center\" style=\"flex-basis:66.66%\">\n<p><strong>Louise Tanajura Ramos<\/strong><br>T\u00e9cnica em Assuntos Educacionais<br>e-mail: <a href=\"mailto:cgead@reitoria.ifbaiano.edu.br\"><a href=\"mailto:cgg@reitoria.ifbaiano.edu.br\">cgead@reitoria.ifbaiano.edu.br<\/a> <\/a><\/p>\n<\/div>\n<\/div>\n\n\n\n<p style=\"font-size:17px\"><strong>Equipe Pedag\u00f3gica EaD<\/strong><\/p>\n\n\n\n<div class=\"wp-block-columns\">\n<div class=\"wp-block-column\" style=\"flex-basis:33.33%\">\n<div class=\"wp-block-image size-full\"><figure class=\"aligncenter\"><img src=\"https:\/\/ifbaiano.edu.br\/portal\/ensino\/wp-content\/uploads\/sites\/2\/2024\/11\/foto.branca-7.png\" alt=\"\" class=\"wp-image-2322\" \/><\/figure><\/div>\n<\/div>\n\n\n\n<div class=\"wp-block-column is-vertically-aligned-center\" style=\"flex-basis:66.66%\">\n<p><strong>Karina Nery Embirussu<\/strong><br>Professora EBTT<br>e-mail: <a href=\"mailto:pedagogico@ead.ifbaiano.edu.br\">pedagogico@ead.ifbaiano.edu.br<\/a><\/p>\n<\/div>\n<\/div>\n\n\n\n<div class=\"wp-block-columns\">\n<div class=\"wp-block-column\" style=\"flex-basis:33.33%\">\n<div class=\"wp-block-image size-full\"><figure class=\"aligncenter\"><img src=\"https:\/\/ifbaiano.edu.br\/portal\/ensino\/wp-content\/uploads\/sites\/2\/2024\/11\/foto.branca-7.png\" alt=\"\" class=\"wp-image-2322\" \/><\/figure><\/div>\n<\/div>\n\n\n\n<div class=\"wp-block-column is-vertically-aligned-center\" style=\"flex-basis:66.66%\">\n<p><strong>Elis Mary Avelina de Azevedo<\/strong><br>Assistente de Aluno<br>e-mail: <a href=\"mailto:pedagogico@ead.ifbaiano.edu.br\"><u>pedagogico@ead.ifbaiano.edu.br<\/u><\/a><\/p>\n<\/div>\n<\/div>\n\n\n\n<div class=\"wp-block-columns\">\n<div class=\"wp-block-column\" style=\"flex-basis:33.33%\">\n<div class=\"wp-block-image size-full\"><figure class=\"aligncenter\"><img src=\"https:\/\/ifbaiano.edu.br\/portal\/ensino\/wp-content\/uploads\/sites\/2\/2024\/11\/sonira-1.png\" alt=\"\" class=\"wp-image-2267\" \/><\/figure><\/div>\n<\/div>\n\n\n\n<div class=\"wp-block-column is-vertically-aligned-center\" style=\"flex-basis:66.66%\">\n<p><strong>Sonira Ornelas de Andrade Souza<\/strong><br>Assistente em administra\u00e7\u00e3o<br>e-mail: <a href=\"mailto:pedagogico@ead.ifbaiano.edu.br\">pedagogico@ead.ifbaiano.edu.br<\/a><\/p>\n<\/div>\n<\/div>\n\n\n\n<div class=\"wp-block-columns\">\n<div class=\"wp-block-column\" style=\"flex-basis:33.33%\">\n<div class=\"wp-block-image size-full\"><figure class=\"aligncenter\"><img src=\"https:\/\/ifbaiano.edu.br\/portal\/ensino\/wp-content\/uploads\/sites\/2\/2024\/11\/priscila.png\" alt=\"\" class=\"wp-image-2261\" \/><\/figure><\/div>\n<\/div>\n\n\n\n<div class=\"wp-block-column is-vertically-aligned-center\" style=\"flex-basis:66.66%\">\n<p><strong>Priscila Eve Silva dos Santos<\/strong><br>Assistente de aluno<br>e-mail: <a href=\"mailto:pedagogico@ead.ifbaiano.edu.br\">pedagogico@ead.ifbaiano.edu.br<\/a><\/p>\n<\/div>\n<\/div>\n\n\n\n<div class=\"wp-block-columns\">\n<div class=\"wp-block-column\" style=\"flex-basis:33.33%\">\n<div class=\"wp-block-image size-full\"><figure class=\"aligncenter size-full\"><img loading=\"lazy\" width=\"177\" height=\"177\" src=\"https:\/\/diretorias.ifbaiano.edu.br\/portal\/ead\/files\/2026\/01\/foto.branca-7.png\" alt=\"\" class=\"wp-image-2912\" \/><\/figure><\/div>\n<\/div>\n\n\n\n<div class=\"wp-block-column is-vertically-aligned-center\" style=\"flex-basis:66.66%\">\n<p><strong>Leidiane Santos dos Reis<\/strong><br>Bibliotec\u00e1ria Documentarista <br>e-mail: <a href=\"mailto:pedagogico@ead.ifbaiano.edu.br\"><a href=\"mailto:pedagogico@ead.ifbaiano.edu.br\">pedagogico@ead.ifbaiano.edu.br<\/a> <\/a><\/p>\n<\/div>\n<\/div>\n\n\n\n<p style=\"font-size:17px\"><strong>N\u00facleo de Tecnologia<\/strong><\/p>\n\n\n\n<div class=\"wp-block-columns\">\n<div class=\"wp-block-column\" style=\"flex-basis:33.33%\">\n<div class=\"wp-block-image size-full\"><figure class=\"aligncenter\"><img src=\"https:\/\/ifbaiano.edu.br\/portal\/ensino\/wp-content\/uploads\/sites\/2\/2024\/11\/foto.branca-7.png\" alt=\"\" class=\"wp-image-2322\" \/><\/figure><\/div>\n<\/div>\n\n\n\n<div class=\"wp-block-column is-vertically-aligned-center\" style=\"flex-basis:66.66%\">\n<p><strong>Leandro Matos da Silva<\/strong><br>T\u00e9cnico de Tecnologia da Informa\u00e7\u00e3o<br>e-mail: <a href=\"mailto:nutec@ead.ifbaiano.edu.br\">nutec@ead.ifbaiano.edu.br<\/a><\/p>\n<\/div>\n<\/div>\n\n\n\n<div class=\"wp-block-columns\">\n<div class=\"wp-block-column\" style=\"flex-basis:33.33%\">\n<div class=\"wp-block-image size-full\"><figure class=\"aligncenter\"><img src=\"https:\/\/ifbaiano.edu.br\/portal\/ensino\/wp-content\/uploads\/sites\/2\/2024\/11\/foto.branca-7.png\" alt=\"\" class=\"wp-image-2322\" \/><\/figure><\/div>\n<\/div>\n\n\n\n<div class=\"wp-block-column is-vertically-aligned-center\" style=\"flex-basis:66.66%\">\n<p><strong>Linton Thiago Costa Esteves<\/strong><br>Analista de Tecnologia da Informa\u00e7\u00e3o<br>e-mail: <a href=\"mailto:nutec@ead.ifbaiano.edu.br\">nutec@ead.ifbaiano.edu.br<\/a><\/p>\n<\/div>\n<\/div>\n\n\n\n<div class=\"wp-block-columns\">\n<div class=\"wp-block-column\" style=\"flex-basis:33.33%\">\n<div class=\"wp-block-image size-full\"><figure class=\"aligncenter\"><img src=\"https:\/\/ifbaiano.edu.br\/portal\/ensino\/wp-content\/uploads\/sites\/2\/2024\/11\/foto.branca-7.png\" alt=\"\" class=\"wp-image-2322\" \/><\/figure><\/div>\n<\/div>\n\n\n\n<div class=\"wp-block-column is-vertically-aligned-center\" style=\"flex-basis:66.66%\">\n<p><strong>Sheila Ribeiro de Matos<\/strong><br>T\u00e9cnica em Tecnologia da Informa\u00e7\u00e3o<br>e-mail: <a href=\"mailto:nutec@ead.ifbaiano.edu.br\">nutec@ead.ifbaiano.edu.br<\/a><\/p>\n<\/div>\n<\/div>\n\n\n\n<p style=\"font-size:17px\"><strong>N\u00facleo de Comunica\u00e7\u00e3o, M\u00eddias e Design<\/strong><\/p>\n\n\n\n<div class=\"wp-block-columns\">\n<div class=\"wp-block-column\" style=\"flex-basis:33.33%\">\n<div class=\"wp-block-image size-full\"><figure class=\"aligncenter\"><img src=\"https:\/\/ifbaiano.edu.br\/portal\/ensino\/wp-content\/uploads\/sites\/2\/2024\/11\/foto.branca-7.png\" alt=\"\" class=\"wp-image-2322\" \/><\/figure><\/div>\n<\/div>\n\n\n\n<div class=\"wp-block-column is-vertically-aligned-center\" style=\"flex-basis:66.66%\">\n<p><strong>Andrey Santos<\/strong><br>T\u00e9cnico em Audiovisual<br>e-mail: <a href=\"mailto:andrey.santos@ifbaiano.edu.br\">andrey.santos@ifbaiano.edu.br<\/a><\/p>\n<\/div>\n<\/div>\n\n\n\n<div class=\"wp-block-columns\">\n<div class=\"wp-block-column\" style=\"flex-basis:33.33%\">\n<div class=\"wp-block-image size-full\"><figure class=\"aligncenter\"><img src=\"https:\/\/ifbaiano.edu.br\/portal\/ensino\/wp-content\/uploads\/sites\/2\/2024\/11\/marta-6.png\" alt=\"\" class=\"wp-image-2280\" \/><\/figure><\/div>\n<\/div>\n\n\n\n<div class=\"wp-block-column is-vertically-aligned-center\" style=\"flex-basis:66.66%\">\n<p><strong>Tamilis Mota Cerqueira<\/strong><br>Programadora Visual<br>e-mail: <a href=\"mailto:dgraed@reitoria.ifbaiano.edu.br\">dgraed@reitoria.ifbaiano.edu.br<\/a><\/p>\n<\/div>\n<\/div>\n\n\n\n<p style=\"font-size:17px\"><strong>Coordena\u00e7\u00e3o Geral de Gradua\u00e7\u00e3o<\/strong><\/p>\n\n\n\n<div class=\"wp-block-columns\">\n<div class=\"wp-block-column\" style=\"flex-basis:33.33%\">\n<div class=\"wp-block-image size-full\"><figure class=\"aligncenter\"><img src=\"https:\/\/ifbaiano.edu.br\/portal\/ensino\/wp-content\/uploads\/sites\/2\/2024\/11\/genielli.png\" alt=\"\" class=\"wp-image-2242\" \/><\/figure><\/div>\n<\/div>\n\n\n\n<div class=\"wp-block-column is-vertically-aligned-center\" style=\"flex-basis:66.66%\">\n<p><strong>Genielli Fran\u00e7a da Silva&nbsp;<\/strong><br>T\u00e9cnica em Assuntos Educacionais<br>e-mail: <a href=\"mailto:cgead@reitoria.ifbaiano.edu.br\">cgead@reitoria.ifbaiano.edu.br<\/a><\/p>\n<\/div>\n<\/div>\n\n\n\n<div class=\"wp-block-columns\">\n<div class=\"wp-block-column\" style=\"flex-basis:33.33%\">\n<div class=\"wp-block-image size-full\"><figure class=\"aligncenter\"><img src=\"https:\/\/ifbaiano.edu.br\/portal\/ensino\/wp-content\/uploads\/sites\/2\/2024\/11\/marilia.png\" alt=\"\" class=\"wp-image-2239\" \/><\/figure><\/div>\n<\/div>\n\n\n\n<div class=\"wp-block-column is-vertically-aligned-center\" style=\"flex-basis:66.66%\">\n<p><strong>Mar\u00edlia Dantas e Silva<\/strong><br>Docente EBTT<br>e-mail: <a href=\"mailto:cgead@reitoria.ifbaiano.edu.br\">cgead@reitoria.ifbaiano.edu.br<\/a><\/p>\n<\/div>\n<\/div>\n\n\n\n<p><\/p>\n","protected":false},"excerpt":{"rendered":"<p>DIRETORIA DE GRADUA\u00c7\u00c3O E EDUCA\u00c7\u00c3O A DIST\u00c2NCIA Adailde do Carmo SantosDiretora de Gradua\u00e7\u00e3o e Educa\u00e7\u00e3o a Dist\u00e2nciae-mail:&nbsp;dgraed@reitoria.ifbaiano.edu.br Clique aqui para acessar a agenda da Diretora Igor Fonseca MunizAssessoria da DGRAEDe-mail:&nbsp;dgraed@reitoria.ifbaiano.edu.br Simone Calmon Silva ParanhosAuxiliar Administrativoe-mail:&nbsp;dgraed@reitoria.ifbaiano.edu.br Coordena\u00e7\u00e3o Geral de Educa\u00e7\u00e3o a Dist\u00e2ncia Tatiana Ara\u00fajo ReisCoordenadora Geral da Educa\u00e7\u00e3o a Dist\u00e2nciae-mail: cgead@reitoria.ifbaiano.edu.br Assessoria Pedag\u00f3gica EaD Marta Souza [&hellip;]<\/p>\n","protected":false},"author":24,"featured_media":0,"parent":0,"menu_order":0,"comment_status":"closed","ping_status":"closed","template":"","meta":{"ngg_post_thumbnail":0},"_links":{"self":[{"href":"https:\/\/diretorias.ifbaiano.edu.br\/portal\/ead\/wp-json\/wp\/v2\/pages\/2521"}],"collection":[{"href":"https:\/\/diretorias.ifbaiano.edu.br\/portal\/ead\/wp-json\/wp\/v2\/pages"}],"about":[{"href":"https:\/\/diretorias.ifbaiano.edu.br\/portal\/ead\/wp-json\/wp\/v2\/types\/page"}],"author":[{"embeddable":true,"href":"https:\/\/diretorias.ifbaiano.edu.br\/portal\/ead\/wp-json\/wp\/v2\/users\/24"}],"replies":[{"embeddable":true,"href":"https:\/\/diretorias.ifbaiano.edu.br\/portal\/ead\/wp-json\/wp\/v2\/comments?post=2521"}],"version-history":[{"count":52,"href":"https:\/\/diretorias.ifbaiano.edu.br\/portal\/ead\/wp-json\/wp\/v2\/pages\/2521\/revisions"}],"predecessor-version":[{"id":2947,"href":"https:\/\/diretorias.ifbaiano.edu.br\/portal\/ead\/wp-json\/wp\/v2\/pages\/2521\/revisions\/2947"}],"wp:attachment":[{"href":"https:\/\/diretorias.ifbaiano.edu.br\/portal\/ead\/wp-json\/wp\/v2\/media?parent=2521"}],"curies":[{"name":"wp","href":"https:\/\/api.w.org\/{rel}","templated":true}]}}