{"id":493,"date":"2014-09-18T14:02:48","date_gmt":"2014-09-18T14:02:48","guid":{"rendered":"http:\/\/diretorias.ifbaiano.edu.br\/portal\/ead\/?page_id=493"},"modified":"2021-06-16T10:24:58","modified_gmt":"2021-06-16T13:24:58","slug":"polo-alagoinhas","status":"publish","type":"page","link":"https:\/\/diretorias.ifbaiano.edu.br\/portal\/ead\/polo-alagoinhas\/","title":{"rendered":"Polo Alagoinhas"},"content":{"rendered":"<div>\n<p>O Instituto Federal Baiano tem sua reitoria localizada em&nbsp;Salvador, e 11 campi espalhados pelo Estado: Bom Jesus da Lapa; Catu; Governador Mangabeira; Guanambi; Itapetinga; Santa In\u00eas; Senhor do Bonfim; Serrinha; Teixeira de Freitas; Uru\u00e7uca e Valen\u00e7a.<\/p>\n<p>Al\u00e9m dos 11 campi, o IF Baiano conta tamb\u00e9m com os polos de apoio presencial que s\u00e3o compostos pelos seus campi e mais 16 munic\u00edpios conveniados: Alagoinhas, Campo Formoso, Concei\u00e7\u00e3o da Feira, Ibipitanga, Itacar\u00e9, Itoror\u00f3, Jaguarari, Miguel Calmon, Mucuri, Mundo Novo, Nazar\u00e9, Pintadas, Remanso, Salvador, Santa Terezinha, Santo Est\u00eav\u00e3o. Desta maneira, o IF Baiano totaliza 27 (vinte e sete) polos de apoio presenciais dispostos em 18 (dezoito) dos 27 (vinte e sete) territ\u00f3rios de identidade do estado da Bahia.<\/p>\n<\/div>\n<div><strong>P\u00f3lo: Alagoinhas<\/strong><\/div>\n<div><\/div>\n<div><strong>Endere\u00e7o: <\/strong>Pr\u00e9dio da Biblioteca P\u00fablica Municipal&nbsp;M\u00aa Feij\u00f3,<b>&nbsp;<\/b>Pra\u00e7a Rui Barbosa, S\/N \u2013 Centro,&nbsp;<b><\/b>CEP: 48.010-130 \u2013 Alagoinhas-BA<\/div>\n<div><\/div>\n<div><strong>Contato:&nbsp;<\/strong>Secretaria de Educa\u00e7\u00e3o&nbsp; 75 &#8211; 3423\/8334\/Coordena\u00e7\u00e3o &nbsp;75 &#8211; 8816\/4456-9143\/8925<\/div>\n<div><\/div>\n<div><strong>Coordenador(a) respons\u00e1vel:&nbsp;<\/strong><\/div>\n<div><\/div>\n<div><strong>Caracter\u00edsticas da regi\u00e3o:&nbsp;<\/strong>O munic\u00edpio de Alagoinhas localiza-se no leste da Bahia, limitando-se ao norte com o munic\u00edpio de Inhambupe, ao sul com o munic\u00edpio de Catu, a leste com o munic\u00edpio de Ara\u00e7\u00e1s, a oeste com o munic\u00edpio de Aramari, a nordeste com o munic\u00edpio de Entre Rios e a Sudoeste com o munic\u00edpio de Teodoro Sampaio.Alagoinhas apresenta como uma das suas principais caracter\u00edsticas o fato de ser um p\u00f3lo regional, devido a sua localiza\u00e7\u00e3o dentro de uma conflu\u00eancia de rotas de transporte com liga\u00e7\u00e3o direta a regi\u00e3o metropolitana da capital do estado \u2013 Salvador por estar em um eixo ferrovi\u00e1rio com consider\u00e1vel interrela\u00e7\u00e3o econ\u00f4mica e por situar-se no principal eixo norte-sul de circula\u00e7\u00e3o, servida pela malha rodovi\u00e1ria e ferrovi\u00e1ria. A BR 101, que corta o Brasil de norte a sul, serve a cidade importante acesso e meio de escoamento de produtos para as cidades do nordeste como Recife, Aracaju e do sudeste do pa\u00eds, tais como Vit\u00f3ria e Rio de Janeiro. A cidade tamb\u00e9m \u00e9 cortada pela BR 110 que a une ao&nbsp;nordeste do interior da regi\u00e3o, al\u00e9m das rodovias estaduais que ligam a cidade a BR 116 e tamb\u00e9m a Linha Verde.&nbsp;N\u00e3o podemos deixar de ressaltar a import\u00e2ncia hist\u00f3rica da ferrovia que contribuiu significativamente para o crescimento da cidade e apresenta reais perspectivas de restabelecer este status na medida em que governo federal sinaliza positivamente para uma futura revitaliza\u00e7\u00e3o da malha ferrovi\u00e1ria, com o intuito, entre outros fatores, de diminuir o chamado custo Brasil em rela\u00e7\u00e3o ao escoamento da sua produ\u00e7\u00e3o e tamb\u00e9m em car\u00e1ter&nbsp;tur\u00edstico, propondo uma moderniza\u00e7\u00e3o para este importante meio de transporte, espelhando-se em pa\u00edses desenvolvidos da Europa e da \u00c1sia. Um dos fatores mais importantes e marcantes que caracteriza o munic\u00edpio \u00e9 a sua \u00e1gua que inclusive foi preponderante para a sua denomina\u00e7\u00e3o, na medida em que se verifica uma grande quantidade de rios, c\u00f3rregos e lagoas, da\u00ed o nome ALAGOINHAS \u2013 al\u00e9m de um len\u00e7ol subterr\u00e2neo abundante com \u00e1gua de excelente qualidade que constitui uma das maiores riquezas, fazendo parte do aq\u00fc\u00edfero que vai de Dias D\u2019\u00c1vila a Tucano, caracterizando-se como atrativo econ\u00f4mico para a ind\u00fastria de bebidas, de maneira que temos como exemplo a fixa\u00e7\u00e3o da empresa Primo Schincariol Ind\u00fastria de cervejas e refrigerantes do Nordeste S\/A, Itaipava, gerando divisas, al\u00e9m de empregos diretos e indiretos, impactando positivamente a economia do munic\u00edpio.Outra riqueza que pode ser identificada em seu solo \u00e9 o petr\u00f3leo, o que levou a instala\u00e7\u00e3o da Petrobr\u00e1s, com investimentos significativos a partir de 1964 quando foi descoberto o primeiro po\u00e7o. O Munic\u00edpio de Alagoinhas, segundo dados do censo demogr\u00e1fico realizado em 2010 pelo IBGE, possui uma popula\u00e7\u00e3o de 136.473 habitantes, sendo 114.440 na zona urbana e 19.655 na zona rural (IBGE &#8211; 2010) com uma densidade demogr\u00e1fica de aproximadamente 190,4 hab\/km2.&nbsp;&nbsp;Fazem parte do munic\u00edpio os Distritos de Riacho da Guia, Boa Uni\u00e3o e os povoados de Narandiba, Estev\u00e3o e Quizambu.<\/div>\n<div><\/div>\n<div><strong>Cursos ofertados:&nbsp;<\/strong>Log\u00edstica, Seguran\u00e7a do Trabalho, Servi\u00e7os P\u00fablicos, Secretaria Escolar e Vendas<\/div>\n<div><strong>&nbsp;<\/strong><\/div>\n<div><\/div>\n<div><a href=\"https:\/\/diretorias.ifbaiano.edu.br\/portal\/ead\/files\/2014\/09\/ead-alagoinhas.jpg\"><img loading=\"lazy\" class=\" wp-image-611\" src=\"https:\/\/diretorias.ifbaiano.edu.br\/portal\/ead\/files\/2014\/09\/ead-alagoinhas-1024x785.jpg\" alt=\"ead alagoinhas\" width=\"430\" height=\"330\" srcset=\"https:\/\/diretorias.ifbaiano.edu.br\/portal\/ead\/files\/2014\/09\/ead-alagoinhas-1024x785.jpg 1024w, https:\/\/diretorias.ifbaiano.edu.br\/portal\/ead\/files\/2014\/09\/ead-alagoinhas-300x230.jpg 300w, https:\/\/diretorias.ifbaiano.edu.br\/portal\/ead\/files\/2014\/09\/ead-alagoinhas-400x306.jpg 400w, https:\/\/diretorias.ifbaiano.edu.br\/portal\/ead\/files\/2014\/09\/ead-alagoinhas.jpg 1034w\" sizes=\"(max-width: 430px) 100vw, 430px\" \/><\/a><\/div>\n","protected":false},"excerpt":{"rendered":"<p>O Instituto Federal Baiano tem sua reitoria localizada em&nbsp;Salvador, e 11 campi espalhados pelo Estado: Bom Jesus da Lapa; Catu; Governador Mangabeira; Guanambi; Itapetinga; Santa In\u00eas; Senhor do Bonfim; Serrinha; Teixeira de Freitas; Uru\u00e7uca e Valen\u00e7a. Al\u00e9m dos 11 campi, o IF Baiano conta tamb\u00e9m com os polos de apoio presencial que s\u00e3o compostos pelos [&hellip;]<\/p>\n","protected":false},"author":1,"featured_media":0,"parent":0,"menu_order":0,"comment_status":"open","ping_status":"open","template":"","meta":{"ngg_post_thumbnail":0},"_links":{"self":[{"href":"https:\/\/diretorias.ifbaiano.edu.br\/portal\/ead\/wp-json\/wp\/v2\/pages\/493"}],"collection":[{"href":"https:\/\/diretorias.ifbaiano.edu.br\/portal\/ead\/wp-json\/wp\/v2\/pages"}],"about":[{"href":"https:\/\/diretorias.ifbaiano.edu.br\/portal\/ead\/wp-json\/wp\/v2\/types\/page"}],"author":[{"embeddable":true,"href":"https:\/\/diretorias.ifbaiano.edu.br\/portal\/ead\/wp-json\/wp\/v2\/users\/1"}],"replies":[{"embeddable":true,"href":"https:\/\/diretorias.ifbaiano.edu.br\/portal\/ead\/wp-json\/wp\/v2\/comments?post=493"}],"version-history":[{"count":8,"href":"https:\/\/diretorias.ifbaiano.edu.br\/portal\/ead\/wp-json\/wp\/v2\/pages\/493\/revisions"}],"predecessor-version":[{"id":2156,"href":"https:\/\/diretorias.ifbaiano.edu.br\/portal\/ead\/wp-json\/wp\/v2\/pages\/493\/revisions\/2156"}],"wp:attachment":[{"href":"https:\/\/diretorias.ifbaiano.edu.br\/portal\/ead\/wp-json\/wp\/v2\/media?parent=493"}],"curies":[{"name":"wp","href":"https:\/\/api.w.org\/{rel}","templated":true}]}}