{"id":515,"date":"2014-09-18T14:13:10","date_gmt":"2014-09-18T14:13:10","guid":{"rendered":"http:\/\/diretorias.ifbaiano.edu.br\/portal\/ead\/?page_id=515"},"modified":"2017-07-20T13:45:53","modified_gmt":"2017-07-20T13:45:53","slug":"polo-urucuca","status":"publish","type":"page","link":"https:\/\/diretorias.ifbaiano.edu.br\/portal\/ead\/polo-urucuca\/","title":{"rendered":"Polo Uru\u00e7uca"},"content":{"rendered":"<p>O Instituto Federal Baiano tem sua reitoria localizada em\u00a0Salvador, e 11 campi espalhados pelo Estado: Bom Jesus da Lapa; Catu; Governador Mangabeira; Guanambi; Itapetinga; Santa In\u00eas; Senhor do Bonfim; Serrinha; Teixeira de Freitas; Uru\u00e7uca e Valen\u00e7a.<\/p>\n<p>Al\u00e9m dos 11 campi, o IF Baiano conta tamb\u00e9m com os polos de apoio presencial que s\u00e3o compostos pelos seus campi e mais 16 munic\u00edpios conveniados: Alagoinhas, Campo Formoso, Concei\u00e7\u00e3o da Feira, Ibipitanga, Itacar\u00e9, Itoror\u00f3, Jaguarari, Miguel Calmon, Mucuri, Mundo Novo, Nazar\u00e9, Pintadas, Remanso, Salvador, Santa Terezinha, Santo Est\u00eav\u00e3o. Desta maneira, o IF Baiano totaliza 27 (vinte e sete) polos de apoio presenciais dispostos em 18 (dezoito) dos 27 (vinte e sete) territ\u00f3rios de identidade do estado da Bahia.<\/p>\n<p><b>Polo: Uru\u00e7uca<\/b><\/p>\n<p><b>Endere\u00e7o do Polo:<\/b>\u00a0Rua Dr. Jo\u00e3o Nascimento, s\/n, Centro, Uru\u00e7uca &#8211; BA<\/p>\n<p><b>Contato<\/b>:\u00a0<a href=\"mailto:polo.urucuca@ifbaiano.edu.br\" target=\"_blank\">polo.urucuca@ifbaiano.edu.br<\/a><\/p>\n<p><b>Coordenador respons\u00e1vel:\u00a0<\/b>Joaldo Rocha Luz<\/p>\n<p><b>Caracter\u00edsticas da regi\u00e3o<\/b>:\u00a0Em tupi Uru\u00e7uca significa \u00c1guas Escuras, por\u00e9m, segundo a hist\u00f3ria e a populariza\u00e7\u00e3o, Uru\u00e7uca significa Uru = abelha (gra\u00e7as a grande quantidade de abelha da cidade) e \u00c7uca = do a\u00e7\u00facar pelo qual as abelhas gostam.. Segundo a hist\u00f3ria e a populariza\u00e7\u00e3o o top\u00f4nimo Uru\u00e7uca (uru\u00e7u = \u2018abelha\u2019 + c\u00f4a = \u2018grande\u2019) \u00e9 um voc\u00e1bulo ind\u00edgena pelo qual os nativos designavam as \u2018abelhas\u2019 existentes na regi\u00e3o, como tamb\u00e9m pode significar na l\u00edngua ind\u00edgena \u201c\u00e1gua escura\u201d.\u00a0Esta cidade est\u00e1 situada em uma regi\u00e3o privilegiada de Mata Atl\u00e2ntica, uma das maiores biodiversidade do planeta, e conta com uma popula\u00e7\u00e3o de\u00a019\u00a0642\u00a0habitantes.\u00a0Entre os seus filhos mais ilustres destacam-se: o\u00a0poeta\u00a0e\u00a0cronista\u00a0Jorge Medauar\u00a0(1918\u00a0&#8211;\u00a02003) que recebeu o\u00a0Pr\u00eamio Jabuti\u00a0em\u00a01959; e o expoente do jornalismo esportivo brasileiro o\u00a0cronista,\u00a0comentarista esportivo\u00a0e\u00a0radialista\u00a0Armando Oliveira\u00a0(\u00a01936\u00a0&#8211;\u00a02005).<\/p>\n<p><b>Cursos ofertados: <\/b>Infraestrutura Escolar, Log\u00edstica, Seguran\u00e7a do Trabalho e Servi\u00e7os P\u00fablicos<\/p>\n<p>&nbsp;<\/p>\n<p>&nbsp;<\/p>\n<div id=\"attachment_673\" style=\"width: 687px\" class=\"wp-caption aligncenter\"><a href=\"https:\/\/diretorias.ifbaiano.edu.br\/portal\/ead\/files\/2014\/09\/urucuca2.jpg\"><img aria-describedby=\"caption-attachment-673\" loading=\"lazy\" class=\" wp-image-673\" src=\"https:\/\/diretorias.ifbaiano.edu.br\/portal\/ead\/files\/2014\/09\/urucuca2.jpg\" alt=\"urucuca2\" width=\"677\" height=\"451\" srcset=\"https:\/\/diretorias.ifbaiano.edu.br\/portal\/ead\/files\/2014\/09\/urucuca2.jpg 1128w, https:\/\/diretorias.ifbaiano.edu.br\/portal\/ead\/files\/2014\/09\/urucuca2-300x200.jpg 300w, https:\/\/diretorias.ifbaiano.edu.br\/portal\/ead\/files\/2014\/09\/urucuca2-1024x682.jpg 1024w, https:\/\/diretorias.ifbaiano.edu.br\/portal\/ead\/files\/2014\/09\/urucuca2-400x266.jpg 400w\" sizes=\"(max-width: 677px) 100vw, 677px\" \/><\/a><p id=\"caption-attachment-673\" class=\"wp-caption-text\">Campus Uru\u00e7uca<\/p><\/div>\n","protected":false},"excerpt":{"rendered":"<p>O Instituto Federal Baiano tem sua reitoria localizada em\u00a0Salvador, e 11 campi espalhados pelo Estado: Bom Jesus da Lapa; Catu; Governador Mangabeira; Guanambi; Itapetinga; Santa In\u00eas; Senhor do Bonfim; Serrinha; Teixeira de Freitas; Uru\u00e7uca e Valen\u00e7a. Al\u00e9m dos 11 campi, o IF Baiano conta tamb\u00e9m com os polos de apoio presencial que s\u00e3o compostos pelos [&hellip;]<\/p>\n","protected":false},"author":1,"featured_media":0,"parent":0,"menu_order":0,"comment_status":"open","ping_status":"open","template":"","meta":{"ngg_post_thumbnail":0},"_links":{"self":[{"href":"https:\/\/diretorias.ifbaiano.edu.br\/portal\/ead\/wp-json\/wp\/v2\/pages\/515"}],"collection":[{"href":"https:\/\/diretorias.ifbaiano.edu.br\/portal\/ead\/wp-json\/wp\/v2\/pages"}],"about":[{"href":"https:\/\/diretorias.ifbaiano.edu.br\/portal\/ead\/wp-json\/wp\/v2\/types\/page"}],"author":[{"embeddable":true,"href":"https:\/\/diretorias.ifbaiano.edu.br\/portal\/ead\/wp-json\/wp\/v2\/users\/1"}],"replies":[{"embeddable":true,"href":"https:\/\/diretorias.ifbaiano.edu.br\/portal\/ead\/wp-json\/wp\/v2\/comments?post=515"}],"version-history":[{"count":8,"href":"https:\/\/diretorias.ifbaiano.edu.br\/portal\/ead\/wp-json\/wp\/v2\/pages\/515\/revisions"}],"predecessor-version":[{"id":1972,"href":"https:\/\/diretorias.ifbaiano.edu.br\/portal\/ead\/wp-json\/wp\/v2\/pages\/515\/revisions\/1972"}],"wp:attachment":[{"href":"https:\/\/diretorias.ifbaiano.edu.br\/portal\/ead\/wp-json\/wp\/v2\/media?parent=515"}],"curies":[{"name":"wp","href":"https:\/\/api.w.org\/{rel}","templated":true}]}}