{"id":851,"date":"2015-10-20T17:15:04","date_gmt":"2015-10-20T17:15:04","guid":{"rendered":"http:\/\/diretorias.ifbaiano.edu.br\/portal\/ead\/?page_id=851"},"modified":"2015-12-15T14:21:45","modified_gmt":"2015-12-15T14:21:45","slug":"secretaria-escolar","status":"publish","type":"page","link":"https:\/\/diretorias.ifbaiano.edu.br\/portal\/ead\/secretaria-escolar\/","title":{"rendered":"Secretaria Escolar"},"content":{"rendered":"<p><strong>Dura\u00e7\u00e3o:<\/strong>\u00a02 anos<br \/>\n<strong>Grau:<\/strong>\u00a0T\u00e9cnico<br \/>\n<strong>T\u00edtulo:<\/strong>\u00a0Secretaria Escolar<br \/>\n<strong>Turno:<\/strong>\u00a0Diurno<br \/>\n<strong>Carga Hor\u00e1ria:<\/strong>\u00a01.600 horas<\/p>\n<p><strong>P\u00fablico Alvo<\/strong><br \/>\nProfissionais em efetivo exerc\u00edcio da fun\u00e7\u00e3o nas escolas das redes municipal, estadual e federal, com Ensino M\u00e9dio conclu\u00eddo em quaisquer modalidades regulamentadas e reconhecidas pelas Secretarias de Estado e pelo MEC.<\/p>\n<p><strong>\u00c1rea de Atua\u00e7\u00e3o<\/strong><br \/>\nO profissional exerce sua atividade na \u00e1rea de apoio educacional. Como t\u00e9cnico, auxilia a coordena\u00e7\u00e3o nas rela\u00e7\u00f5es e pr\u00e1ticas pedag\u00f3gicas da escola com seus diversos p\u00fablicos. Atendimento aos pais e alunos, bem como todo o corpo funcional da escola.<br \/>\nVisando a solu\u00e7\u00e3o de problemas ligados \u00e0s escolas, dever\u00e1 construir as seguintes compet\u00eancias:<br \/>\n\u2022 Produzir documentos oficiais, memorandos, of\u00edcios, cartas. Organizar arquivo para a gest\u00e3o de documentos.<br \/>\n\u2022 Acompanhar o processo de cadastro de alunos, gerindo e atualizando o controle acad\u00eamico da escola.<br \/>\n\u2022 Organizar as certifica\u00e7\u00f5es competentes aos processos educacionais: diplomas, certificados, atestados, declara\u00e7\u00f5es, hist\u00f3ricos e transfer\u00eancias.<br \/>\n\u2022 Editar textos, planilhas, apresenta\u00e7\u00f5es e navega\u00e7\u00e3o web com base nos conhecimentos de programas espec\u00edficos.<br \/>\n\u2022 Auxiliar a contabilidade b\u00e1sica, classificando despesas, executando balan\u00e7os e or\u00e7amentos<\/p>\n<p>Projeto Pedag\u00f3gico do Curso <a href=\"https:\/\/diretorias.ifbaiano.edu.br\/portal\/ead\/files\/2015\/10\/PPC_secretariaescolar_Aprovado.pdf\">Clique Aqui<\/a><br \/>\nAto Autorizativo &#8211; Resolu\u00e7\u00e3o 30 de 25 de novembro 2015 <a href=\"https:\/\/diretorias.ifbaiano.edu.br\/portal\/ead\/files\/2015\/10\/Resolu\u00e7\u00e3o-30-de-25-de-novembro-2015.pdf\">Clique Aqui<\/a><\/p>\n","protected":false},"excerpt":{"rendered":"<p>Dura\u00e7\u00e3o:\u00a02 anos Grau:\u00a0T\u00e9cnico T\u00edtulo:\u00a0Secretaria Escolar Turno:\u00a0Diurno Carga Hor\u00e1ria:\u00a01.600 horas P\u00fablico Alvo Profissionais em efetivo exerc\u00edcio da fun\u00e7\u00e3o nas escolas das redes municipal, estadual e federal, com Ensino M\u00e9dio conclu\u00eddo em quaisquer modalidades regulamentadas e reconhecidas pelas Secretarias de Estado e pelo MEC. \u00c1rea de Atua\u00e7\u00e3o O profissional exerce sua atividade na \u00e1rea de apoio educacional. [&hellip;]<\/p>\n","protected":false},"author":1,"featured_media":0,"parent":0,"menu_order":0,"comment_status":"open","ping_status":"open","template":"","meta":{"ngg_post_thumbnail":0},"_links":{"self":[{"href":"https:\/\/diretorias.ifbaiano.edu.br\/portal\/ead\/wp-json\/wp\/v2\/pages\/851"}],"collection":[{"href":"https:\/\/diretorias.ifbaiano.edu.br\/portal\/ead\/wp-json\/wp\/v2\/pages"}],"about":[{"href":"https:\/\/diretorias.ifbaiano.edu.br\/portal\/ead\/wp-json\/wp\/v2\/types\/page"}],"author":[{"embeddable":true,"href":"https:\/\/diretorias.ifbaiano.edu.br\/portal\/ead\/wp-json\/wp\/v2\/users\/1"}],"replies":[{"embeddable":true,"href":"https:\/\/diretorias.ifbaiano.edu.br\/portal\/ead\/wp-json\/wp\/v2\/comments?post=851"}],"version-history":[{"count":4,"href":"https:\/\/diretorias.ifbaiano.edu.br\/portal\/ead\/wp-json\/wp\/v2\/pages\/851\/revisions"}],"predecessor-version":[{"id":1070,"href":"https:\/\/diretorias.ifbaiano.edu.br\/portal\/ead\/wp-json\/wp\/v2\/pages\/851\/revisions\/1070"}],"wp:attachment":[{"href":"https:\/\/diretorias.ifbaiano.edu.br\/portal\/ead\/wp-json\/wp\/v2\/media?parent=851"}],"curies":[{"name":"wp","href":"https:\/\/api.w.org\/{rel}","templated":true}]}}

<p><strong>Duração:</strong> 2 anos<br />
<strong>Grau:</strong> Técnico<br />
<strong>Título:</strong> Secretaria Escolar<br />
<strong>Turno:</strong> Diurno<br />
<strong>Carga Horária:</strong> 1.600 horas</p>
<p><strong>Público Alvo</strong><br />
Profissionais em efetivo exercício da função nas escolas das redes municipal, estadual e federal, com Ensino Médio concluído em quaisquer modalidades regulamentadas e reconhecidas pelas Secretarias de Estado e pelo MEC.</p>
<p><strong>Área de Atuação</strong><br />
O profissional exerce sua atividade na área de apoio educacional. Como técnico, auxilia a coordenação nas relações e práticas pedagógicas da escola com seus diversos públicos. Atendimento aos pais e alunos, bem como todo o corpo funcional da escola.<br />
Visando a solução de problemas ligados às escolas, deverá construir as seguintes competências:<br />
• Produzir documentos oficiais, memorandos, ofícios, cartas. Organizar arquivo para a gestão de documentos.<br />
• Acompanhar o processo de cadastro de alunos, gerindo e atualizando o controle acadêmico da escola.<br />
• Organizar as certificações competentes aos processos educacionais: diplomas, certificados, atestados, declarações, históricos e transferências.<br />
• Editar textos, planilhas, apresentações e navegação web com base nos conhecimentos de programas específicos.<br />
• Auxiliar a contabilidade básica, classificando despesas, executando balanços e orçamentos</p>
<p>Projeto Pedagógico do Curso <a href="https://diretorias.ifbaiano.edu.br/portal/ead/files/2015/10/PPC_secretariaescolar_Aprovado.pdf">Clique Aqui</a><br />
Ato Autorizativo &#8211; Resolução 30 de 25 de novembro 2015 <a href="https://diretorias.ifbaiano.edu.br/portal/ead/files/2015/10/Resolução-30-de-25-de-novembro-2015.pdf">Clique Aqui</a></p>

<p>Duração: 2 anos Grau: Técnico Título: Secretaria Escolar Turno: Diurno Carga Horária: 1.600 horas Público Alvo Profissionais em efetivo exercício da função nas escolas das redes municipal, estadual e federal, com Ensino Médio concluído em quaisquer modalidades regulamentadas e reconhecidas pelas Secretarias de Estado e pelo MEC. Área de Atuação O profissional exerce sua atividade na área de apoio educacional. [&hellip;]</p>
